e remainder when 1293 is divided by 37.
35
Calculate the remainder when 101 is divided by 34.
33
What is the remainder when 257 is divided by 25?
7
What is the remainder when 198 is divided by 116?
82
Calculate the remainder when 98 is divided by 53.
45
What is the remainder when 262 is divided by 89?
84
What is the remainder when 6138 is divided by 19?
1
Calculate the remainder when 5310 is divided by 161.
158
What is the remainder when 15081 is divided by 9?
6
Calculate the remainder when 19279 is divided by 6.
1
Calculate the remainder when 152 is divided by 74.
4
Calculate the remainder when 71 is divided by 18.
17
Calculate the remainder when 1692 is divided by 170.
162
Calculate the remainder when 14494 is divided by 125.
119
What is the remainder when 112 is divided by 34?
10
What is the remainder when 490 is divided by 76?
34
What is the remainder when 178 is divided by 12?
10
What is the remainder when 266 is divided by 68?
62
What is the remainder when 1894 is divided by 19?
13
What is the remainder when 401 is divided by 27?
23
What is the remainder when 117 is divided by 41?
35
What is the remainder when 621 is divided by 37?
29
What is the remainder when 1346 is divided by 15?
11
Calculate the remainder when 529 is divided by 133.
130
What is the remainder when 79 is divided by 41?
38
What is the remainder when 1104 is divided by 85?
84
What is the remainder when 131 is divided by 23?
16
What is the remainder when 169 is divided by 93?
76
Calculate the remainder when 239 is divided by 122.
117
What is the remainder when 157 is divided by 40?
37
What is the remainder when 3820 is divided by 49?
47
Calculate the remainder when 94 is divided by 11.
6
Calculate the remainder when 61 is divided by 15.
1
Calculate the remainder when 14761 is divided by 22.
21
Calculate the remainder when 324 is divided by 147.
30
Calculate the remainder when 125 is divided by 68.
57
Calculate the remainder when 137 is divided by 14.
11
Calculate the remainder when 513 is divided by 106.
89
What is the remainder when 274 is divided by 268?
6
What is the remainder when 453 is divided by 76?
73
What is the remainder when 224 is divided by 38?
34
Calculate the remainder when 44 is divided by 40.
4
What is the remainder when 27624 is divided by 125?
124
Calculate the remainder when 159 is divided by 51.
6
Calculate the remainder when 718 is divided by 20.
18
What is the remainder when 72 is divided by 44?
28
Calculate the remainder when 2475 is divided by 118.
115
What is the remainder when 2676 is divided by 18?
12
What is the remainder when 465 is divided by 78?
75
What is the remainder when 227 is divided by 59?
50
What is the remainder when 251 is divided by 86?
79
Calculate the remainder when 72 is divided by 66.
6
Calculate the remainder when 1385 is divided by 362.
299
What is the remainder when 167 is divided by 12?
11
What is the remainder when 169 is divided by 57?
55
Calculate the remainder when 74 is divided by 3.
2
Calculate the remainder when 251 is divided by 17.
13
Calculate the remainder when 239 is divided by 21.
8
Calculate the remainder when 60 is divided by 27.
6
Calculate the remainder when 91 is divided by 19.
15
Calculate the remainder when 610 is divided by 33.
16
What is the remainder when 339 is divided by 85?
84
Calculate the remainder when 244 is divided by 31.
27
What is the remainder when 998 is divided by 274?
176
What is the remainder when 1028 is divided by 21?
20
What is the remainder when 4740 is divided by 101?
94
Calculate the remainder when 71 is divided by 32.
7
Calculate the remainder when 119 is divided by 44.
31
Calculate the remainder when 39 is divided by 20.
19
Calculate the remainder when 209 is divided by 56.
41
Calculate the remainder when 142 is divided by 38.
28
What is the remainder when 703 is divided by 152?
95
What is the remainder when 4368 is divided by 141?
138
What is the remainder when 547 is divided by 3?
1
What is the remainder when 130 is divided by 35?
25
Calculate the remainder when 4302 is divided by 30.
12
What is the remainder when 2410 is divided by 9?
7
What is the remainder when 73 is divided by 62?
11
Calculate the remainder when 4240 is divided by 282.
10
Calculate the remainder when 2944 is divided by 6.
4
Calculate the remainder when 970 is divided by 164.
150
Calculate the remainder when 1157 is divided by 338.
143
What is the remainder when 104 is divided by 30?
14
What is the remainder when 508 is divided by 136?
100
Calculate the remainder when 1562 is divided by 54.
50
Calculate the remainder when 97 is divided by 3.
1
What is the remainder when 200 is divided by 42?
32
What is the remainder when 7881 is divided by 18?
15
Calculate the remainder when 339 is divided by 32.
19
What is the remainder when 529 is divided by 93?
64
What is the remainder when 3773 is divided by 70?
63
Calculate the remainder when 222 is divided by 221.
1
Calculate the remainder when 5914 is divided by 91.
90
What is the remainder when 226 is divided by 23?
19
What is the remainder when 381 is divided by 100?
81
What is the remainder when 741 is divided by 12?
9
What is the remainder when 1994 is divided by 399?
398
Calculate the remainder when 630 is divided by 61.
20
Calculate the remainder when 526 is divided by 22.
20
What is the remainder when 132 is divided by 15?
12
What is the remainder when 67 is divided by 37?
30
What is the remainder when 4430 is divided by 16?
14
Calculate the remainder when 38 is divided by 6.
2
Calculate the remainder when 3818 is divided by 19.
18
Calculate the remainder when 190 is divided by 64.
62
Calculate the remainder when 1699 is divided by 17.
16
What is the remainder when 62 is divided by 43?
19
What is the remainder when 299 is divided by 24?
11
Calculate the remainder when 121 is divided by 63.
58
What is the remainder when 740 is divided by 206?
122
Calculate the remainder when 2456 is divided by 23.
18
What is the remainder when 5319 is divided by 133?
132
What is the remainder when 1553 is divided by 195?
188
What is the remainder when 168 is divided by 9?
6
Calculate the remainder when 1509 is divided by 63.
60
Calculate the remainder when 556 is divided by 27.
16
What is the remainder when 477 is divided by 13?
9
Calculate the remainder when 94 is divided by 23.
2
Calculate the remainder when 35229 is divided by 26.
25
Calculate the remainder when 224 is divided by 19.
15
Calculate the remainder when 2735 is divided by 2730.
5
Calculate the remainder when 2021 is divided by 254.
243
What is the remainder when 73 is divided by 20?
13
Calculate the remainder when 16236 is divided by 10.
6
What is the remainder when 61 is divided by 31?
30
Calculate the remainder when 1481 is divided by 464.
89
Calculate the remainder when 2136 is divided by 31.
28
Calculate the remainder when 184 is divided by 47.
43
Calculate the remainder when 267 is divided by 133.
1
Calculate the remainder when 101 is divided by 13.
10
Calculate the remainder when 3407 is divided by 425.
7
What is the remainder when 288 is divided by 269?
19
Calculate the remainder when 114 is divided by 54.
6
Calculate the remainder when 365 is divided by 45.
5
Calculate the remainder when 267 is divided by 15.
12
What is the remainder when 426 is divided by 413?
13
What is the remainder when 987 is divided by 66?
63
What is the remainder when 11 is divided by 6?
5
What is the remainder when 647 is divided by 2?
1
What is the remainder when 689 is divided by 95?
24
What is the remainder when 478 is divided by 226?
26
What is the remainder when 505 is divided by 157?
34
What is the remainder when 575 is divided by 30?
5
What is the remainder when 3556 is divided by 42?
28
Calculate the remainder when 438 is divided by 9.
6
Calculate the remainder when 1775 is divided by 147.
11
Calculate the remainder when 549 is divided by 19.
17
Calculate the remainder when 888 is divided by 20.
8
Calculate the remainder when 152 is divided by 7.
5
Calculate the remainder when 169 is divided by 30.
19
Calculate the remainder when 127 is divided by 58.
11
What is the remainder when 5519 is divided by 8?
7
What is the remainder when 288 is divided by 281?
7
Calculate the remainder when 2566 is divided by 36.
10
What 